me factors of 10267973?
10267973
What are the prime factors of 3795016?
2, 37, 12821
List the prime factors of 3315979.
23, 144173
List the prime factors of 7649139.
3, 2549713
List the prime factors of 325988.
2, 13, 6269
List the prime factors of 2447287.
227, 10781
What are the prime factors of 1494391?
1494391
List the prime factors of 5568370.
2, 5, 67, 8311
List the prime factors of 2830012.
2, 19, 23, 1619
What are the prime factors of 109552?
2, 41, 167
List the prime factors of 84632.
2, 71, 149
List the prime factors of 30358779.
3, 11, 7603
List the prime factors of 462211.
151, 3061
List the prime factors of 939662.
2, 89, 5279
What are the prime factors of 3926603?
3926603
What are the prime factors of 3393126?
2, 3, 11, 17137
What are the prime factors of 136726?
2, 137, 499
List the prime factors of 500354.
2, 101, 2477
List the prime factors of 36378494.
2, 18189247
What are the prime factors of 12184977?
3, 7, 82891
What are the prime factors of 46997?
46997
List the prime factors of 732886.
2, 7, 11, 4759
What are the prime factors of 2333327?
23, 101449
What are the prime factors of 3044779?
89, 34211
What are the prime factors of 34363675?
5, 1374547
What are the prime factors of 1071846?
2, 3, 23, 863
What are the prime factors of 133155?
3, 5, 11, 269
List the prime factors of 88693.
11, 733
What are the prime factors of 11243892?
2, 3, 11, 103, 827
List the prime factors of 30091580.
2, 5, 1504579
List the prime factors of 722863.
67, 10789
List the prime factors of 795637.
457, 1741
What are the prime factors of 915147?
3, 23, 4421
What are the prime factors of 134138?
2, 47, 1427
List the prime factors of 260000.
2, 5, 13
What are the prime factors of 214636?
2, 23, 2333
What are the prime factors of 1769834?
2, 11, 80447
What are the prime factors of 16231258?
2, 73, 107, 1039
What are the prime factors of 529209?
3, 127, 463
List the prime factors of 573163.
573163
List the prime factors of 393951.
3, 131317
List the prime factors of 9950495.
5, 41, 48539
List the prime factors of 5298365.
5, 31, 34183
List the prime factors of 574219.
574219
What are the prime factors of 22025197?
461, 47777
What are the prime factors of 171146?
2, 83, 1031
What are the prime factors of 1131508?
2, 7, 23, 251
List the prime factors of 357681.
3, 119227
List the prime factors of 719951.
719951
What are the prime factors of 438053?
7, 11, 5689
List the prime factors of 890671.
890671
What are the prime factors of 1554603?
3, 29, 107, 167
What are the prime factors of 93923?
93923
What are the prime factors of 1461813?
3, 17, 28663
List the prime factors of 134316.
2, 3, 7, 13, 41
What are the prime factors of 1681857?
3, 167, 373
What are the prime factors of 104054?
2, 52027
List the prime factors of 2448578.
2, 11, 17, 6547
What are the prime factors of 29195763?
3, 23, 423127
What are the prime factors of 91315?
5, 7, 2609
List the prime factors of 1300397.
7, 23, 41, 197
List the prime factors of 37714894.
2, 7, 23, 117127
What are the prime factors of 2103159?
3, 89, 7877
List the prime factors of 233843.
379, 617
List the prime factors of 226368.
2, 3, 131
List the prime factors of 33187237.
1877, 17681
What are the prime factors of 525267?
3, 58363
What are the prime factors of 1140355?
5, 131, 1741
List the prime factors of 638144.
2, 13, 59
What are the prime factors of 8559181?
8559181
List the prime factors of 1828750.
2, 5, 7, 11, 19
What are the prime factors of 2476747?
7, 13, 17, 1601
List the prime factors of 1058081.
881, 1201
List the prime factors of 9896281.
9896281
What are the prime factors of 5574968?
2, 7, 113, 881
List the prime factors of 955425.
3, 5, 12739
List the prime factors of 33894128.
2, 97, 21839
List the prime factors of 806811.
3, 268937
List the prime factors of 13603630.
2, 5, 59, 23057
What are the prime factors of 6603151?
6603151
List the prime factors of 578306.
2, 17, 73, 233
What are the prime factors of 2016272?
2, 23, 5479
What are the prime factors of 2805039?
3, 227, 1373
List the prime factors of 191421.
3, 21269
List the prime factors of 256160.
2, 5, 1601
List the prime factors of 806461.
29, 27809
List the prime factors of 147102.
2, 3, 24517
List the prime factors of 107889.
3, 35963
What are the prime factors of 2911426?
2, 7, 29, 71, 101
List the prime factors of 10478294.
2, 23, 227789
What are the prime factors of 2108910?
2, 3, 5, 70297
What are the prime factors of 507081?
3, 23, 7349
What are the prime factors of 6932179?
6932179
List the prime factors of 99365.
5, 7, 17, 167
What are the prime factors of 10260259?
10260259
What are the prime factors of 5931088?
2, 370693
List the prime factors of 1311930.
2, 3, 5, 43, 113
List the prime factors of 793781.
17, 53, 881
What are the prime factors of 978498?
2, 3, 54361
What are the prime factors of 1358005?
5, 11, 24691
List the prime factors of 774557.
7, 110651
List the prime factors of 233943.
3, 29, 2689
List the prime factors of 1456097.
269, 5413
What are the prime factors of 4519163?
11, 410833
What are the prime factors of 2384703?
3, 257, 1031
List the prime factors of 864397.
419, 2063
What are the prime factors of 18493128?
2, 3, 113, 2273
List the prime factors of 12194.
2, 7, 13, 67
What are the prime factors of 2466052?
2, 616513
List the prime factors of 11276778.
2, 3, 1879463
What are the prime factors of 412531?
7, 8419
What are the prime factors of 1536687?
3, 113, 1511
What are the prime factors of 1431335?
5, 83, 3449
What are the prime factors of 53111?
173, 307
List the prime factors of 1883963.
31, 60773
What are the prime factors of 1436252?
2, 359063
What are the prime factors of 16734010?
2, 5, 1673401
List the prime factors of 28789577.
71, 405487
List the prime factors of 34765142.
2, 29, 599399
List the prime factors of 391926.
2, 3, 83, 787
List the prime factors of 4441112.
2, 13, 42703
List the prime factors of 217578.
2, 3, 36263
List the prime factors of 2034728.
2, 167, 1523
What are the prime factors of 8466330?
2, 3, 5, 241, 1171
What are the prime factors of 16270?
2, 5, 1627
What are the prime factors of 1745894?
2, 872947
What are the prime factors of 10803983?
10803983
List the prime factors of 476000.
2, 5, 7, 17
List the prime factors of 1766990.
2, 5, 176699
What are the prime factors of 48061?
13, 3697
What are the prime factors of 450182?
2, 31, 53, 137
What are the prime factors of 12372360?
2, 3, 5, 7, 11, 13, 103
What are the prime factors of 611609?
17, 35977
What are the prime factors of 678157?
678157
What are the prime factors of 505167?
3, 13, 12953
List the prime factors of 5722879.
31, 184609
What are the prime factors of 16393507?
13, 97003
What are the prime factors of 186016?
2, 5813
What are the prime factors of 510393?
3, 13, 23, 569
List the prime factors of 208268.
2, 52067
List the prime factors of 6557037.
3, 313, 6983
List the prime factors of 13604498.
2, 101, 67349
What are the prime factors of 13087846?
2, 19, 344417
List the prime factors of 8068589.
8068589
List the prime factors of 6872418.
2, 3, 7, 18181
List the prime factors of 1570797.
3, 174533
List the prime factors of 535161.
3, 11, 16217
List the prime factors of 130317.
3, 11, 359
List the prime factors of 423830.
2, 5, 11, 3853
List the prime factors of 808066.
2, 7, 57719
List the prime factors of 266235.
3, 5, 17749
What are the prime factors of 332806?
2, 166403
What are the prime factors of 160233?
3, 53411
What are the prime factors of 2370610?
2, 5, 11, 23, 937
What are the prime factors of 1228503?
3, 283, 1447
List the prime factors of 1545228.
2, 3, 42923
List the prime factors of 11228478.
2, 3, 1871413
What are the prime factors of 5590228?
2, 7, 53, 3767
What are the prime factors of 59548?
2, 14887
List the prime factors of 6602893.
11, 109, 5507
List the prime factors of 67925.
5, 11, 13, 19
List the prime factors of 742610.
2, 5, 11, 43, 157
What are the prime factors of 83023?
83023
What are the prime factors of 135778?
2, 29, 2341
List the prime factors of 407727.
3, 15101
What are the prime factors of 70659?
3, 2617
List the prime factors of 134285.
5, 107, 251
What are the prime factors of 122385?
3, 5, 41, 199
List the prime factors of 8885110.
2, 5, 13, 41, 1667
What a